ivisor of 74475849 and 21.
21
What is the highest common factor of 68 and 842777652?
68
What is the highest common divisor of 1812126652 and 777?
259
What is the highest common divisor of 131404616 and 21?
7
Calculate the highest common factor of 296696295 and 4059.
369
Calculate the highest common factor of 256948 and 4.
4
What is the highest common divisor of 406850 and 1250?
50
Calculate the highest common factor of 6822135 and 180.
45
Calculate the greatest common divisor of 1320 and 3028245.
165
What is the highest common factor of 80175 and 154950?
75
What is the highest common factor of 3554 and 7630?
2
What is the highest common factor of 78806 and 1456546?
182
What is the greatest common factor of 688574687 and 4854?
809
Calculate the highest common divisor of 2240206 and 55964.
1646
Calculate the highest common divisor of 615 and 27552861.
123
Calculate the greatest common factor of 196316645 and 1070.
535
Calculate the greatest common divisor of 138 and 598782.
138
Calculate the greatest common factor of 41446560 and 12245.
395
Calculate the highest common factor of 184689 and 57.
3
Calculate the greatest common divisor of 28398486 and 938.
134
What is the highest common divisor of 70 and 79062585?
35
What is the greatest common factor of 916 and 2386143818?
458
What is the highest common divisor of 5434 and 5720000?
286
What is the highest common divisor of 15743 and 12992819?
1211
What is the highest common divisor of 79515 and 34969860?
4185
What is the highest common factor of 615 and 2742203?
41
Calculate the greatest common factor of 547548 and 41642.
886
What is the greatest common factor of 56 and 56412524?
28
Calculate the highest common divisor of 17629104 and 72.
24
What is the highest common divisor of 5704 and 2870538?
1426
What is the highest common divisor of 736385850 and 1350?
1350
What is the highest common divisor of 1190256 and 62626?
362
Calculate the greatest common divisor of 376658 and 1457.
47
Calculate the highest common factor of 35066 and 3881201.
89
Calculate the greatest common factor of 1063950 and 350.
50
Calculate the highest common divisor of 2672 and 84279556.
668
Calculate the greatest common divisor of 3258924 and 3009.
177
What is the highest common factor of 34128 and 343968?
48
What is the highest common divisor of 174515790 and 7292?
3646
Calculate the greatest common divisor of 41471 and 1544336.
367
Calculate the greatest common divisor of 22480 and 23040.
80
What is the greatest common factor of 972 and 444058200?
972
Calculate the highest common divisor of 44919 and 748557.
279
What is the highest common factor of 3177 and 5188747?
353
Calculate the greatest common divisor of 6108 and 112836.
12
What is the highest common divisor of 216 and 89745732?
108
What is the highest common factor of 28025778 and 1452?
726
Calculate the greatest common divisor of 22361 and 847823.
379
Calculate the greatest common factor of 11816428 and 1508.
52
Calculate the highest common factor of 388188014 and 62.
62
Calculate the highest common divisor of 4192364 and 176.
44
Calculate the greatest common factor of 28 and 23311575.
7
Calculate the greatest common factor of 12149543 and 170.
17
Calculate the highest common factor of 1742 and 5863639.
67
What is the greatest common divisor of 928819396 and 23?
23
Calculate the greatest common divisor of 8148100 and 884.
68
Calculate the greatest common divisor of 44 and 28151233.
11
Calculate the greatest common divisor of 3099 and 1655894868.
3099
What is the highest common factor of 212 and 33881151?
53
What is the highest common factor of 14 and 47134976?
14
Calculate the greatest common factor of 8 and 1233074.
2
What is the greatest common divisor of 1403 and 301553?
23
What is the highest common divisor of 152872704 and 158976?
6912
What is the highest common divisor of 253809 and 81549?
9
Calculate the highest common divisor of 27733923 and 441.
63
Calculate the greatest common divisor of 140 and 86676380.
140
What is the greatest common factor of 8820 and 938520?
180
Calculate the greatest common factor of 645 and 49166157.
129
What is the greatest common divisor of 28736 and 597952?
64
What is the greatest common divisor of 320 and 278308?
4
What is the greatest common factor of 1856640 and 510?
30
What is the greatest common divisor of 343539 and 25011?
63
Calculate the greatest common divisor of 6051 and 1968592.
2017
Calculate the greatest common divisor of 54950 and 724780.
70
Calculate the greatest common divisor of 948378 and 1593852.
3606
What is the greatest common factor of 29931852 and 24?
12
What is the highest common factor of 2411 and 3063250241?
2411
Calculate the highest common factor of 860377 and 4978.
19
Calculate the highest common divisor of 1948467 and 1150098.
5583
What is the greatest common factor of 201 and 90540651?
201
What is the highest common factor of 139037 and 1037097?
541
What is the greatest common divisor of 938559 and 40530?
579
Calculate the greatest common factor of 564525720 and 2745.
2745
What is the greatest common factor of 459680 and 6530329?
2873
What is the greatest common factor of 80728500 and 660?
60
What is the highest common factor of 1488 and 2636178?
186
Calculate the greatest common factor of 1494 and 103131.
9
Calculate the highest common divisor of 31472 and 20811.
7
What is the greatest common factor of 123002 and 18?
2
What is the highest common factor of 6143331 and 5742?
87
Calculate the greatest common divisor of 103766 and 2599558.
338
Calculate the greatest common factor of 377290 and 1820099.
1301
Calculate the greatest common factor of 7368062 and 2704.
338
Calculate the greatest common factor of 608638 and 149904.
694
Calculate the greatest common divisor of 1793138 and 52174.
2746
What is the highest common factor of 112 and 37140656?
112
Calculate the greatest common divisor of 1719 and 84304917.
1719
What is the greatest common divisor of 193314 and 551?
29
Calculate the highest common factor of 333522484 and 9924.
3308
Calculate the highest common divisor of 4570429 and 58.
29
What is the highest common factor of 258192997 and 830?
83
Calculate the greatest common divisor of 3658750 and 11250.
1250
What is the highest common factor of 451 and 538986?
41
What is the greatest common factor of 86832 and 356574?
402
Calculate the highest common factor of 268 and 59246760.
268
What is the greatest common divisor of 1820 and 29974?
14
Calculate the highest common divisor of 485 and 52260011.
97
Calculate the greatest common divisor of 333289 and 44198.
451
What is the greatest common divisor of 10297 and 2631619?
1471
What is the highest common divisor of 232 and 1657582?
58
Calculate the highest common factor of 2767547547 and 1347.
1347
What is the highest common factor of 309 and 3941501?
103
Calculate the highest common divisor of 48600 and 224525.
25
What is the highest common factor of 78437 and 34?
1
What is the highest common divisor of 9693980 and 10100?
2020
What is the greatest common factor of 1392 and 5574264?
696
Calculate the greatest common factor of 1812112 and 18796.
148
Calculate the highest common factor of 19385919 and 54243.
1323
What is the greatest common factor of 84588430 and 510?
170
Calculate the greatest common factor of 130270 and 4230.
10
Calculate the greatest common divisor of 188946 and 94014.
54
Calculate the greatest common factor of 28 and 1738530556.
28
Calculate the highest common divisor of 82909801 and 39.
13
Calculate the highest common divisor of 121 and 30512691.
121
What is the greatest common divisor of 2592 and 1374246?
162
Calculate the highest common divisor of 273 and 15172053.
39
Calculate the greatest common factor of 124018 and 59944.
118
What is the highest common divisor of 4072 and 341909552?
4072
What is the greatest common factor of 711 and 69631311?
237
What is the greatest common divisor of 1088 and 50824?
8
Calculate the greatest common factor of 1001105 and 105.
35
What is the highest common divisor of 6480 and 72761490?
810
What is the highest common divisor of 168800474 and 203?
29
What is the highest common factor of 17750 and 10890690?
710
Calculate the greatest common divisor of 45676 and 2862426.
38
Calculate the highes